by x(2)?
12
Let r = 67 - 57. Calculate the remainder when 38 is divided by r.
8
Let v = 132 + -25. Calculate the remainder when v is divided by 27.
26
Let g(z) = z**2 + 9*z + 7. What is the remainder when g(-14) is divided by 18?
5
Let q = -5 - -9. Suppose 50 = q*o + o. Calculate the remainder when -21*((-1)/3 - 1) is divided by o.
8
Let d(t) = 3*t - 7. Calculate the remainder when 53 is divided by d(7).
11
Suppose n - 4*n + 171 = 0. What is the remainder when (1*n)/(-4 - -5) is divided by 20?
17
Suppose 0 = 4*m + 5*s - 110, -3*m + s = -24 - 49. Suppose 12*q - 28 = 10*q. Calculate the remainder when m is divided by q.
11
Let r(u) = -16*u - 19. What is the remainder when r(-3) is divided by 7?
1
Suppose 113 = 4*k + z, -20 + 3 = -k + 2*z. Let q = 99 + -64. Let u = q - 21. What is the remainder when k is divided by u?
13
Suppose -2*k - 2*k = -3*l + 180, -3*k + 180 = 3*l. Suppose -3*d = -5*d + 132. Let i = d - 45. Calculate the remainder when l is divided by i.
18
Suppose 0 = 4*r + 20, 0 = 5*m + 3*r + 2*r - 15. Let p = m - 8. Suppose 2*u - 4*q - 108 = p, q + 216 = -u + 5*u. What is the remainder when u is divided by 14?
12
Let q = -4 + 34. Let w = 0 + 11. What is the remainder when q is divided by w?
8
Let k be 8/6*(-9)/(-6). Suppose 4*h = k*w - 0*h - 110, -2 = 2*h. Calculate the remainder when w is divided by ((-28)/(-10))/(-8 - (-287)/35).
11
Suppose 7*d - 2*d = 5. Calculate the remainder when 1 is divided by d.
0
Suppose -d - 7 = -g - 4*d, 34 = 2*g + d. What is the remainder when 74 is divided by g?
17
Suppose -w + 14 - 5 = 0. Calculate the remainder when 15 is divided by w.
6
Suppose -d - 3*h = -98, 0*d = -4*d + 4*h + 328. What is the remainder when d is divided by 22?
20
Let z = 24 + -35. What is the remainder when (93 + z)*2/4 is divided by 11?
8
Suppose -36 = -13*y + 7*y. What is the remainder when 34 is divided by y?
4
Let z(j) = 0 + 2 - 2 + 2*j**2. Let a be z(2). Let p(f) = f**3 - 9*f**2 + 10*f - 7. Calculate the remainder when 26 is divided by p(a).
8
Let o(g) = 17*g**2 + g. Let b(f) = 5*f**2 - 10*f. Let h be b(7). Suppose 0 = 6*s - 11 - h. Calculate the remainder when s is divided by o(-1).
15
Let w = -10 - -17. Let c = 1 + 12. What is the remainder when c is divided by w?
6
Let w(v) = -19*v - 30. Let y be w(15). Calculate the remainder when 2/((-10)/y) - -2 is divided by ((-34)/8)/((-1)/4).
14
Suppose -3*r + 5 + 7 = 0. Let b be ((-12)/9)/(r/(-18)). Suppose -4*s + b = -s. What is the remainder when 5 is divided by s?
1
Let x(r) = -r - 4. What is the remainder when 28 is divided by x(-30)?
2
Let v(i) be the second derivative of 0 + 1/6*i**3 - 2*i + 5/12*i**4 + 1/20*i**5 - i**2. Calculate the remainder when v(-4) is divided by 4.
2
Suppose 0 = -6*k + 17 + 43. Calculate the remainder when 39 is divided by k.
9
Suppose 2*l + 222 = q, -2*q + 0*q - 4*l + 420 = 0. Suppose -4*i + 0*i = -q. What is the remainder when i is divided by 11?
10
Suppose 4*r = 2*j - 264, 0*j + 406 = 3*j - 4*r. Calculate the remainder when j is divided by 36.
34
Suppose 4*w = -3*p + 5*p - 88, 0 = 2*w. Let f(l) = 4*l - 5. Calculate the remainder when p is divided by f(5).
14
Suppose 5*l - 4*l + 1 = -2*i, -15 = 3*l. Let x = 9 + i. Let k = 46 + -25. Calculate the remainder when k is divided by x.
10
Let q(o) = -o**3 - 5*o**2 + 2*o + 3. Let l be q(-5). Let t = 11 + l. Let a = 6 - t. Calculate the remainder when 2 is divided by a.
0
Suppose -5*x = -4*x - 188. Calculate the remainder when x is divided by 48.
44
Suppose -3*h + 17 = -31. What is the remainder when h is divided by 6?
4
Let a = 174 + -81. Suppose a = 5*o + 18. Calculate the remainder when o is divided by 6.
3
Calculate the remainder when (-94)/(-3) + 23/(-69) is divided by 8.
7
Let z(l) = l**2 + 8*l + 8. Let p be z(-6). Let t = p + 4. Suppose t*k - 5*k = -165. What is the remainder when k is divided by 17?
16
Suppose 10 = 4*q - r - 36, 0 = -q - 5*r + 1. What is the remainder when 19 is divided by q?
8
Let f = 59 + -41. What is the remainder when f is divided by -5*3/9*-3?
3
Let s = -6 - -14. Suppose 3*r + 1 = 10. Calculate the remainder when s is divided by r.
2
Let f(q) = q**2 - 1. Let v be f(2). Let z(l) = -l + 16. What is the remainder when z(8) is divided by (1 - 2)*0 + v?
2
Let w be (-159)/4 - 30/(-40). Calculate the remainder when (-1281)/w + 2/13 is divided by 18.
15
Suppose -5*v + 2*t + 20 = -3*t, -3*t = -v + 8. Suppose 5*q = -v*y + 38, -5*y + 15 = 4*q - 46. Calculate the remainder when y is divided by 5.
4
Let f be (1/1)/((-2)/(-6)). Suppose 8 = -4*y, 0*l - 5*l + 74 = f*y. Let j(z) = -z + 4. What is the remainder when l is divided by j(-5)?
7
Let s be -2*1*9/(-6). Suppose -3*l + 60 = 3*p, -s*p - 2*p = -4*l + 116. Let u(m) = 12*m**3 + 2*m - 1. What is the remainder when l is divided by u(1)?
11
Let c = -15 + 26. Calculate the remainder when 30 is divided by c.
8
Let m = 130 - 94. Calculate the remainder when 69 is divided by m.
33
Let w(u) = -u**3 + 5*u**2 + 3*u - 6. What is the remainder when 2*2/((-4)/(-15)) is divided by w(5)?
6
Suppose 6 = -3*z + 9. Calculate the remainder when z is divided by 1.
0
Calculate the remainder when 354 is divided by -4*9/(-48) - (-804)/16.
48
What is the remainder when 71 is divided by 40/30 - 50/(-3)?
17
Let z(c) = c + 6. Suppose 2*r = -m - 6 + 2, 3*m + 42 = 4*r. Let n be z(m). What is the remainder when 6 is divided by (n/3)/(8/(-12))?
0
Let t be 1*-2 + (8 - 1). Suppose -4*i = 5*c - 41, 6 = t*c - 2*i - 41. What is the remainder when (2 - 1)*2*13 is divided by c?
8
Let m = 3 - -11. Calculate the remainder when 67 is divided by m.
11
Suppose 228 = 17*q - 5*q. What is the remainder when 59 is divided by q?
2
Calculate the remainder when 72 is divided by 9/21 - 172/(-7).
22
Let f = 90 - 178. Let x = f + 252. Suppose 3*n = -3*q + 34 + 74, q - x = -5*n. What is the remainder when n is divided by 17?
15
Suppose 5*w + 50 = 10*w. What is the remainder when 29 is divided by w?
9
Suppose 0 = 2*s - 2, 5*s - 960 = -0*q + 5*q. Calculate the remainder when q/(-4) + 2/8 is divided by 17.
14
Let h = 2 + -6. Suppose -11 = -l - 3. Calculate the remainder when l is divided by (-26)/h + (-3)/2.
3
Let z(h) = -8*h + 9. Let s be z(4). Let w = s - -42. Calculate the remainder when 74 is divided by w.
17
Let p = 423 - 286. What is the remainder when p is divided by 38?
23
Let q(a) be the first derivative of -a**3/3 - 11*a**2/2 + 7*a + 6. What is the remainder when q(-7) is divided by 12?
11
Calculate the remainder when (-5)/((-125)/15)*135 is divided by (0/2)/(-2) + 21.
18
Suppose -q + 31 = -40. Suppose 4*l - q = 69. Calculate the remainder when l is divided by (-18)/(5/(-2) - -1).
11
Suppose 33 = 3*w + 3. Suppose 2*h + 113 = 3*k, 3*k = 2*k + 2*h + 35. What is the remainder when k is divided by w?
9
Calculate the remainder when -3*(-4)/66 - (-2436)/154 is divided by 13.
3
Let k be (-10)/35 - 44/(-7). Let p(x) = 2*x + 5. Let l be p(k). Suppose -5*r + l = -4*r. Calculate the remainder when 33 is divided by r.
16
Suppose 0 = 5*h + 2*z - 101, 5*h - 4*z + 2*z = 89. What is the remainder when h is divided by 2?
1
Suppose 5*r + 3*b - 1317 = 0, -4*r + 2*r - b = -527. What is the remainder when r/18 + 2/(-3) is divided by 8?
6
Let d be (-2 + 2)/((-2)/(-1)). Let t be ((d - -1) + 3)*2. Let s(u) = -u**2 + 10*u - 9. Calculate the remainder when 20 is divided by s(t).
6
Let k = 6 + -4. What is the remainder when 48 is divided by (5 - 3)*17/k?
14
Let p = -50 + 104. Calculate the remainder when p is divided by 28.
26
Let w(m) = -m + 10. Let y be w(7). Suppose y = 3*v + 6. What is the remainder when (-75)/(-6) + v/(-2) is divided by 7?
6
Let j(k) = -3*k + 1. Let d(g) = 1. Let h(r) = -6*d(r) + j(r). Calculate the remainder when h(-6) is divided by 4.
1
Let b = 2 + 1. Suppose b*y = 4*y - 32. Calculate the remainder when y is divided by (4 - 1)*5 + 2.
15
Let p be 1*2/(6/3). Let u be (3 - 1 - 2)*p. Suppose u*c - 4*b + 168 = 5*c, -c = 3*b - 38. What is the remainder when c is divided by 11?
10
Suppose -3*m - 150 = -0*m. Let d = m + 73. What is the remainder when d is divided by 8?
7
Suppose -4*a = 2*a - 60. Calculate the remainder when 32 + 0 - (-6)/(-2) is divided by a.
9
Let t = -153 - -163. Suppose 72 = -z + 5*z. Calculate the remainder when z is divided by t.
8
Suppose 2*m - 5*m + 75 = 0. Let c = 5 - 11. What